{"id":97,"date":"2018-02-18T17:30:03","date_gmt":"2018-02-18T17:30:03","guid":{"rendered":"http:\/\/skraw-met.biz.pl\/?page_id=97"},"modified":"2018-02-18T17:30:03","modified_gmt":"2018-02-18T17:30:03","slug":"centrum-wiertarsko-frezerskie","status":"publish","type":"page","link":"http:\/\/skraw-met.biz.pl\/?page_id=97","title":{"rendered":"Centrum wiertarsko-frezerskie"},"content":{"rendered":"<p>Oferujemy us\u0142ugi obr\u00f3bki w naszym centrum wiertarsko-frezerskim TBI MVC 2090HH<\/p>\n<p>Centrum wyposa\u017cone jest w cyfrowe nap\u0119dy osi X-Y-Z ponadto w wyposa\u017ceniu maszyny znajduje si\u0119 w pe\u0142ni programowalna 4 o\u015b pozwalaj\u0105ca na obr\u00f3bk\u0119 detali o \u015brednicy 400 mm.<\/p>\n<p>Komunikacj\u0119 z maszyn\u0105 zapewniaj\u0105 porty transmisji danych\u00a0 V.24\/RS 232-C, USB oraz sie\u0107 Fast Ethernet co pozwala na szybkie generowanie kod\u00f3w obr\u00f3bkowych w programie Catia V5.0 i przesy\u0142 bezpo\u015brednio do maszyny.<\/p>\n<p>Wyposa\u017cenie maszyny w 30 pozycyjny magazyn narz\u0119dzi pozwala zminimalizowa\u0107 straty czasu na przezbrajanie maszyny, dzi\u0119ki czemu mo\u017cliwa jest szybka obr\u00f3bka r\u00f3\u017cnorodnych detali.<\/p>\n<p>System pomiaru narz\u0119dzi oraz detalu firmy Renishaw pozwala na bie\u017c\u0105c\u0105 kontrol\u0119 stanu narz\u0119dzi skrawaj\u0105cych oraz obrabianego detalu.<\/p>\n<figure id=\"attachment_93\" aria-describedby=\"caption-attachment-93\" style=\"width: 878px\" class=\"wp-caption alignnone\"><img loading=\"lazy\" decoding=\"async\" class=\"wp-image-93 size-full\" src=\"http:\/\/skraw-met.biz.pl\/wp-content\/uploads\/2018\/02\/Centrum_frezerskie.jpg\" alt=\"\" width=\"878\" height=\"577\" srcset=\"http:\/\/skraw-met.biz.pl\/wp-content\/uploads\/2018\/02\/Centrum_frezerskie.jpg 878w, http:\/\/skraw-met.biz.pl\/wp-content\/uploads\/2018\/02\/Centrum_frezerskie-300x197.jpg 300w, http:\/\/skraw-met.biz.pl\/wp-content\/uploads\/2018\/02\/Centrum_frezerskie-768x505.jpg 768w\" sizes=\"auto, (max-width: 767px) 89vw, (max-width: 1000px) 54vw, (max-width: 1071px) 543px, 580px\" \/><figcaption id=\"caption-attachment-93\" class=\"wp-caption-text\">Centrum wiertarsko-frezerskie TBI MVC 2090HH<\/figcaption><\/figure>\n","protected":false},"excerpt":{"rendered":"<p>Oferujemy us\u0142ugi obr\u00f3bki w naszym centrum wiertarsko-frezerskim TBI MVC 2090HH Centrum wyposa\u017cone jest w cyfrowe nap\u0119dy osi X-Y-Z ponadto w wyposa\u017ceniu maszyny znajduje si\u0119 w pe\u0142ni programowalna 4 o\u015b pozwalaj\u0105ca na obr\u00f3bk\u0119 detali o \u015brednicy 400 mm. Komunikacj\u0119 z maszyn\u0105 zapewniaj\u0105 porty transmisji danych\u00a0 V.24\/RS 232-C, USB oraz sie\u0107 Fast Ethernet co pozwala na szybkie &hellip; <\/p>\n<p class=\"link-more\"><a href=\"http:\/\/skraw-met.biz.pl\/?page_id=97\" class=\"more-link\">Czytaj dalej<span class=\"screen-reader-text\"> \u201eCentrum wiertarsko-frezerskie\u201d<\/span><\/a><\/p>\n","protected":false},"author":1,"featured_media":0,"parent":0,"menu_order":0,"comment_status":"closed","ping_status":"closed","template":"","meta":{"footnotes":""},"class_list":["post-97","page","type-page","status-publish","hentry"],"_links":{"self":[{"href":"http:\/\/skraw-met.biz.pl\/index.php?rest_route=\/wp\/v2\/pages\/97","targetHints":{"allow":["GET"]}}],"collection":[{"href":"http:\/\/skraw-met.biz.pl\/index.php?rest_route=\/wp\/v2\/pages"}],"about":[{"href":"http:\/\/skraw-met.biz.pl\/index.php?rest_route=\/wp\/v2\/types\/page"}],"author":[{"embeddable":true,"href":"http:\/\/skraw-met.biz.pl\/index.php?rest_route=\/wp\/v2\/users\/1"}],"replies":[{"embeddable":true,"href":"http:\/\/skraw-met.biz.pl\/index.php?rest_route=%2Fwp%2Fv2%2Fcomments&post=97"}],"version-history":[{"count":1,"href":"http:\/\/skraw-met.biz.pl\/index.php?rest_route=\/wp\/v2\/pages\/97\/revisions"}],"predecessor-version":[{"id":99,"href":"http:\/\/skraw-met.biz.pl\/index.php?rest_route=\/wp\/v2\/pages\/97\/revisions\/99"}],"wp:attachment":[{"href":"http:\/\/skraw-met.biz.pl\/index.php?rest_route=%2Fwp%2Fv2%2Fmedia&parent=97"}],"curies":[{"name":"wp","href":"https:\/\/api.w.org\/{rel}","templated":true}]}}